Calculate the greatest common factor of t and p.
18
Let o = 19934 + -12698. What is the highest common divisor of 1072 and o?
268
Let c = -17 - -12. Let i(v) = -v**3 - 4*v**2 - 3*v - 4. Let z be i(c). Suppose 0 = -4*w - 56*w - 28*w + 5280. What is the greatest common divisor of z and w?
12
Suppose -5*b - 4*t + 990 = 0, 5*t - 3*t = -3*b + 594. Let j = -148 + b. Calculate the greatest common factor of 30 and j.
10
Suppose -5812*q + 154512 = -5146*q. Let m = 19 + -11. Calculate the highest common divisor of q and m.
8
Let n(p) = 32*p + 1008. Let t be n(91). What is the highest common factor of t and 80?
80
Suppose -11*t - 34081 = -126426. What is the highest common factor of t and 219?
73
Let t(k) = -k**3 + 25*k**2 - 128*k + 5. Let w be t(17). What is the highest common factor of w and 69?
3
Let c be ((-170)/25 - -5)*(-120)/9. Let x be 8/c - (-646)/6. Calculate the greatest common factor of x and 27.
27
Suppose 135 = 4*u - p, 3*p + 5 + 4 = 0. Suppose -u*b + 251 = -475. Calculate the greatest common divisor of 22 and b.
22
Let z be 115/3 + 2/3. Let d(b) = b**3 - 41*b**2 - 127*b - 116. Let w be d(44). Calculate the greatest common divisor of z and w.
13
Let b = 13870 - 12709. Suppose -4*z + 93 = -79. What is the greatest common divisor of z and b?
43
Let j = 42 - 35. Let p be (-24)/(-14) - (5 + (-37)/j). Suppose 7 = -p*h + 87. What is the greatest common factor of 8 and h?
8
Let y(g) = -g - 9. Let h be y(0). Let i(r) = r + 11. Let x be i(h). Let f = 74 - 68. Calculate the greatest common divisor of x and f.
2
Let m(y) = -3*y**3 - 102*y**2 + 77*y - 135. Let r be m(-35). What is the highest common divisor of r and 520?
65
Let k(q) = -23*q + 880. Let y be k(38). What is the highest common factor of y and 7086?
6
Let m be (0 - 2 - -1)*1. Let d be -2 + 1 - (-10 + -7). Let a be (-488)/(-6) + (d/(-12) - m). Calculate the greatest common factor of a and 9.
9
Let l be (-22644)/(-42) - 3/21. Suppose l = f + 136. Calculate the highest common factor of f and 13.
13
Let o be ((-110)/(-6))/((-77)/(-39270)). Calculate the highest common divisor of 11 and o.
11
Let f = 352 + -497. Let d = -55 - f. What is the greatest common factor of 10 and d?
10
Let p(h) = -2*h**3 + 15*h**2 - 5*h + 12. Let d be p(7). What is the highest common divisor of 4342 and d?
26
Let u = 210 + -141. Suppose -67*l = -u*l + 108. What is the greatest common factor of l and 54?
54
Let m = -42 - -39. Let v be (33/5 + m)/(2/195). What is the highest common divisor of v and 13?
13
Let m be (2/(-3))/((-1)/15). Suppose 2*r + 4*h + 76 = 9*h, r + 4*h = -12. Let s be ((-2)/2)/(r/140). What is the highest common divisor of m and s?
5
Let z(q) = 124*q**2 - 276. Let w be z(9). What is the highest common factor of 396 and w?
132
Suppose -189 = 7*c + 329. Let z be 1/((-3)/(c - 7)). What is the highest common divisor of z and 540?
27
Let f = -60 + 68. Suppose -u = -4*u + 12. Suppose g = y + u*g - 8, y = 5*g + f. What is the highest common divisor of 88 and y?
8
Let a(k) = -24*k - 8. Let r be a(-2). Suppose -2*f + 20 = -3*n, n + 3*f = f + 4. Let o be 1792/r - n/(-5). What is the highest common factor of o and 22?
22
Let n be (-4 + 5)*-1*-337. Let i = -685 - n. Let d be i/(-7) + (4/(-2) - 1). Calculate the greatest common factor of d and 13.
13
Suppose -45*r - 45 = -50*r. Suppose -9*b = -r - 171. Calculate the greatest common divisor of 12 and b.
4
Let c(i) = -40*i - 60. Let m be c(13). Let q = -562 - m. Calculate the greatest common divisor of q and 162.
18
Suppose 3*h - 141 - 56 = -2*q, -5*h - 5 = 0. Calculate the highest common divisor of q and 6.
2
Let x be (-30 + (-8732)/(-370))/((-4)/45). Suppose -929 = -2*w - 209. Calculate the highest common divisor of x and w.
72
Let n(y) = -156*y + 8. Let c be n(1). Let k = c - -162. What is the greatest common divisor of k and 14?
14
Suppose 280*b - 204037 = -4*d + 281*b, 5*d - 255030 = -2*b. Calculate the greatest common divisor of 64 and d.
64
Let j(r) = 34*r**3 - r**2 - r + 1. Let l be j(1). Let b be 366 + ((-18)/(-12) + 0)*-2. What is the highest common divisor of l and b?
33
Let r = -4574 - -4606. What is the greatest common factor of 3856 and r?
16
Let f = -582 + 699. Let x be (-4)/(-4 - 0)*f - -6. Calculate the highest common factor of 1353 and x.
123
Let x be 4550/104 + (-1)/(-4). Let t be x/4 + -9 + 7. Calculate the highest common factor of t and 189.
9
Let g = 3302 + -2694. What is the greatest common factor of 171 and g?
19
Let a(z) = 2*z**2 + 2*z + 6. Let j be a(-4). Let d(h) = h**2 + 23*h + 90. Let x be d(-35). Calculate the greatest common factor of x and j.
30
Let m be (-15)/((-945)/1098)*364. What is the greatest common factor of m and 520?
104
Let z(j) = -j**3 - 16*j**2 + 17*j - 4. Let u be z(-17). Let a be u + (3 + (-10)/2)*-8. Let x = 15 - a. Calculate the greatest common divisor of 21 and x.
3
Let m be (-80)/(-7)*(-7)/(-2). Let j be (-10)/3*(-9)/6. Suppose 0*z + 1 = -l + 2*z, -j*z - 10 = -5*l. Calculate the greatest common factor of l and m.
5
Suppose 2*r = r + 2, -13 = -n - 4*r. Suppose -y = -n*y + 16. Suppose l + y*t - 21 = 7, -3*t + 56 = 2*l. What is the greatest common factor of 7 and l?
7
Let z be ((-72)/(-32))/(7*(-5)/(-280)). Suppose -47 = -t + 2*r, -51 = -t - r - 4. Let y = t + 79. What is the greatest common divisor of z and y?
18
Let w = 216 + -213. Let q be ((-6)/(-4))/w + 2408/112. Let a be 2*(-3 - -2)/(-1). What is the greatest common divisor of a and q?
2
Let v = -470 + 667. Let y = v + -143. What is the highest common factor of 108 and y?
54
Let c(d) = 9103*d**2 + 171*d + 172. Let p be c(-1). What is the greatest common divisor of p and 16?
16
Suppose 7 = 36*d - 37*d, 3*q + 5*d - 7576 = 0. Calculate the greatest common divisor of q and 344.
43
Suppose 0 = 30*w - 23*w - 3108. Let i be (90/(-63))/(-5) + w/14. What is the greatest common divisor of 24 and i?
8
Suppose -2*r = 3*w + 2*r + 60, -3*w + 2*r - 60 = 0. Let l(o) = 2*o**2 + 41*o + 50. Let n be l(w). What is the highest common factor of 200 and n?
10
Suppose 0 = -4*i + 3 + 5. Let k = 115 - 100. Suppose -6*b = -k*b + 162. Calculate the greatest common divisor of b and i.
2
Let j(w) = 11*w**2 - w. Let l be j(1). Suppose 4*n - 813 = 107. Calculate the greatest common divisor of n and l.
10
Let y(b) = -26*b + 19*b + 14 + 7 + 13*b. Let j be y(13). Let u be 1452/j - (0 - 4/(-6)). What is the greatest common divisor of u and 49?
7
Let x = -2765 + 2893. Calculate the greatest common divisor of x and 32.
32
Let h = 213 - 214. Let u be (-7)/(0 - (h - -2)). What is the greatest common divisor of u and 35?
7
Let a(h) = -292*h**2 - 3*h - 2. Let j be a(-1). Let z = 319 + j. Calculate the greatest common factor of 98 and z.
14
Let v be 185 - 84*16/96. Calculate the highest common factor of 40869 and v.
171
Suppose 0 = 32*h - 15*h - 9724. What is the greatest common factor of 66 and h?
22
Let j = 11 - 5. Let y(f) = 0*f - 1 - 16*f + 10*f + f + 10*f. Let b be y(j). Calculate the greatest common divisor of b and 58.
29
Let u = -741 + 839. Let z = 119 - u. What is the greatest common factor of 546 and z?
21
Let y(n) = -n**3 + 4*n**2 + 18*n. Let z = 105 + -109. Let s be y(z). What is the highest common factor of s and 7?
7
Suppose 6*m - 5*m + 4*l = 351, 4*m - 3*l = 1423. Suppose m*v + 76 = 359*v. Calculate the greatest common factor of v and 171.
19
Suppose 225*i - 1225017 - 1392608 = 10*i. What is the highest common factor of 25 and i?
25
Suppose -17*u = 13*u + 12510. Let o = 482 + u. Calculate the highest common divisor of 260 and o.
65
Let k = 2 + -1. Let g(l) = -76*l + 162. Let i be g(2). Suppose -20*x - i = -70. What is the highest common factor of k and x?
1
Suppose 4*s + 576*j - 7380 = 572*j, -5*s - 2*j = -9201. Calculate the greatest common divisor of s and 11.
11
Suppose 3*t = 2*t - 318. Let q = 323 + t. Calculate the highest common factor of q and 295.
5
Let v be (3/6)/(2/8). Let q(s) = 88*s + 1. Let n be q(-4). Let i = n + 353. What is the highest common divisor of i and v?
2
Let d(b) be the first derivative of 5*b**2 - 178*b - 104. Let k be d(21). What is the highest common divisor of 272 and k?
16
Let o be 2 - 3 - 386/4*(87 + -89). Calculate the greatest common factor of 5784 and o.
24
Let c be (27/(-6))/(198/(-24) + 8). What is the highest common factor of 288 and c?
18
Suppose 0